991
List the prime factors of 176658350.
2, 5, 11, 37, 8681
List the prime factors of 328388173.
10531, 31183
List the prime factors of 7686578154.
2, 3, 31, 41325689
What are the prime factors of 117406248?
2, 3, 4891927
List the prime factors of 240981396.
2, 3, 23, 873121
What are the prime factors of 1237835362?
2, 29, 1951, 10939
List the prime factors of 120472494.
2, 3, 20078749
List the prime factors of 26222383.
11, 107, 22279
What are the prime factors of 356821842?
2, 3, 13, 31, 173, 853
What are the prime factors of 423814323?
3, 19, 29, 256391
List the prime factors of 1127254762.
2, 19, 29664599
What are the prime factors of 51765805?
5, 7, 13, 16253
List the prime factors of 126235.
5, 25247
List the prime factors of 882309396.
2, 3, 1193, 61631
What are the prime factors of 863776964?
2, 215944241
What are the prime factors of 319601109?
3, 19, 41, 163, 839
What are the prime factors of 1378707252?
2, 3, 13, 71, 124477
What are the prime factors of 318467664?
2, 3, 17, 19, 41, 167
What are the prime factors of 32507542?
2, 16253771
What are the prime factors of 20478311?
7, 41, 71353
What are the prime factors of 78399432?
2, 3, 101, 10781
List the prime factors of 50708762.
2, 13, 29, 109, 617
What are the prime factors of 67864442?
2, 17, 1996013
What are the prime factors of 730713471?
3, 181, 311, 4327
What are the prime factors of 328912471?
79, 229, 18181
What are the prime factors of 116102325?
3, 5, 1548031
List the prime factors of 1428766733.
1428766733
What are the prime factors of 138939280?
2, 5, 211, 8231
What are the prime factors of 61569255?
3, 5, 11, 31, 12037
List the prime factors of 54520776.
2, 3, 84137
List the prime factors of 3037581578.
2, 97, 15657637
List the prime factors of 614799255.
3, 5, 7, 257, 22783
List the prime factors of 84800510.
2, 5, 8480051
What are the prime factors of 8781201?
3, 11, 13, 6823
List the prime factors of 5352859301.
37, 144671873
What are the prime factors of 492128?
2, 7, 13
What are the prime factors of 87538060?
2, 5, 167, 26209
What are the prime factors of 1013640022?
2, 1031, 491581
List the prime factors of 2957476311.
3, 79, 4159601
What are the prime factors of 55773512?
2, 19, 131, 2801
List the prime factors of 48563753.
7, 19, 52163
List the prime factors of 1779239.
7, 11, 3301
List the prime factors of 2396381415.
3, 5, 127, 223, 5641
What are the prime factors of 4744006451?
17, 59, 97, 48761
What are the prime factors of 1151516153?
457, 2519729
What are the prime factors of 85666261?
29, 41, 109, 661
List the prime factors of 137869929.
3, 103, 148727
List the prime factors of 2261610466.
2, 541, 2090213
List the prime factors of 60494346.
2, 3, 11, 109, 2803
List the prime factors of 1099407215.
5, 97, 173, 13103
List the prime factors of 74422056.
2, 3, 17, 47, 3881
List the prime factors of 106929214.
2, 7, 2203, 3467
List the prime factors of 51663404.
2, 13, 993527
What are the prime factors of 792718112?
2, 31, 139, 5749
What are the prime factors of 2325018?
2, 3, 387503
What are the prime factors of 317875409?
29, 643, 17047
List the prime factors of 1089699026.
2, 13, 41911501
What are the prime factors of 1318441796?
2, 7, 47087207
List the prime factors of 697038090.
2, 3, 5, 7, 3319229
What are the prime factors of 180265800?
2, 3, 5, 11, 13, 191
What are the prime factors of 81638669?
7, 2333, 4999
What are the prime factors of 76432666?
2, 89, 429397
What are the prime factors of 82777853?
82777853
List the prime factors of 84903444.
2, 3, 839, 937
List the prime factors of 108779830.
2, 5, 2111, 5153
What are the prime factors of 2046610439?
433, 4726583
List the prime factors of 112538070.
2, 3, 5, 563, 2221
What are the prime factors of 290951718?
2, 3, 3163, 15331
What are the prime factors of 209456655?
3, 5, 43, 127, 2557
List the prime factors of 201619739.
127, 1587557
List the prime factors of 90029775.
3, 5, 11, 29, 53, 71
List the prime factors of 2016210.
2, 3, 5, 7, 9601
List the prime factors of 80441210.
2, 5, 797, 10093
List the prime factors of 2288565185.
5, 457713037
What are the prime factors of 20280048?
2, 3, 17, 29, 857
List the prime factors of 243301666.
2, 2221, 54773
What are the prime factors of 8501819?
17, 500107
List the prime factors of 246425075.
5, 13, 758231
List the prime factors of 227864923.
11, 13, 17, 67, 1399
What are the prime factors of 1863990493?
1863990493
What are the prime factors of 2030022?
2, 3, 4177
List the prime factors of 100684801.
7, 43, 167, 2003
List the prime factors of 1780789942.
2, 5147, 172993
What are the prime factors of 112979626?
2, 89, 634717
What are the prime factors of 54684345?
3, 5, 3645623
What are the prime factors of 327800463?
3, 109266821
What are the prime factors of 446248679?
1627, 274277
What are the prime factors of 142754219?
17, 8397307
What are the prime factors of 19059848?
2, 2382481
What are the prime factors of 3866179744?
2, 7, 17259731
What are the prime factors of 42927750?
2, 3, 5, 19079
What are the prime factors of 3475016471?
661, 929, 5659
List the prime factors of 39242227.
47, 834941
What are the prime factors of 224519465?
5, 101, 283, 1571
List the prime factors of 120516387.
3, 3467, 11587
List the prime factors of 2751925439.
17, 19, 137, 62189
What are the prime factors of 4864940?
2, 5, 347, 701
List the prime factors of 343252376.
2, 42906547
List the prime factors of 125609327.
6359, 19753
What are the prime factors of 334328260?
2, 5, 7, 2388059
List the prime factors of 844953436.
2, 211238359
What are the prime factors of 1068191432?
2, 7, 11, 373, 4649
List the prime factors of 1730111311.
349, 397, 12487
List the prime factors of 804823051.
29, 27752519
List the prime factors of 69829416.
2, 3, 647, 1499
List the prime factors of 680789286.
2, 3, 1400801
What are the prime factors of 3274450035?
3, 5, 41, 1109, 4801
List the prime factors of 5287459367.
1327, 3984521
List the prime factors of 3539415859.
7, 863, 585899
List the prime factors of 48135334.
2, 13, 1851359
What are the prime factors of 1386651402?
2, 3, 53, 1453513
What are the prime factors of 253045195?
5, 13, 23, 193, 877
What are the prime factors of 57827215?
5, 11565443
What are the prime factors of 1236124657?
1236124657
List the prime factors of 695803842.
2, 3, 1399, 27631
List the prime factors of 28094491.
307, 91513
What are the prime factors of 1467512089?
1467512089
What are the prime factors of 423583518?
2, 3, 401, 176053
What are the prime factors of 594696021?
3, 41, 691, 6997
List the prime factors of 34278735.
3, 5, 2285249
List the prime factors of 892928506.
2, 446464253
What are the prime factors of 1883160375?
3, 5, 349, 14389
What are the prime factors of 420696306?
2, 3, 3727, 6271
What are the prime factors of 5958785?
5, 7, 61, 2791
What are the prime factors of 69915841?
69915841
List the prime factors of 88652091.
3, 11, 71, 157, 241
What are the prime factors of 396241901?
11, 36021991
What are the prime factors of 6823061715?
3, 5, 31, 1373, 10687
List the prime factors of 79508355.
3, 5, 23, 317, 727
What are the prime factors of 2500659702?
2, 3, 31, 449, 1109
List the prime factors of 6828202501.
19, 43, 139, 60127
List the prime factors of 5970361.
1871, 3191
What are the prime factors of 372761834?
2, 461, 877
List the prime factors of 187114706.
2, 23, 176857
List the prime factors of 1133136073.
71, 15959663
List the prime factors of 2383206661.
11, 71, 3051481
List the prime factors of 63182737.
1489, 42433
List the prime factors of 193694814.
2, 3, 398549
List the prime factors of 1821806366.
2, 59, 15439037
List the prime factors of 21071591.
43, 79, 6203
List the prime factors of 240017019.
3, 11, 53, 109, 1259
What are the prime factors of 7939918652?
2, 37, 53648099
List the prime factors of 287623873.
9323, 30851
List the prime factors of 38917335.
3, 5, 17, 152617
List the prime factors of 2189559362.
2, 1229, 890789
What are the prime factors of 80979609?
3, 26993203
What are the prime factors of 245568627?
3, 2423, 11261
What are the prime factors of 9338326?
2, 67, 227, 307
List the prime factors of 33055124.
2, 8263781
List the prime factors of 1682729033.
163, 10323491
What are the prime factors of 1188153744